 2. Let c = n + -6. Let x(a) = a**2 + 5*a. Give x(c).
-4
Let h(o) = -2*o**3 - 8*o + o**2 - 2 + 4*o + 2*o + 3*o**3. Give h(-2).
-2
Let y(f) = -133*f - f**2 + 60*f - 4 + 66*f. Calculate y(-5).
6
Let o(b) be the third derivative of -b**7/1008 - b**6/720 + b**5/60 + b**2. Let z(m) be the third derivative of o(m). Let u = 2 - 4. What is z(u)?
9
Let j(h) be the third derivative of -h**6/30 + h**4/24 + h**2. Let z be j(-1). Let v(d) = d. What is v(z)?
3
Let z(g) = 3*g**3 - g**2 + 2*g - 1. Let k be z(1). Suppose 0 = -k*u - 1 + 13. Suppose -2*f + u + 2 = 0. Let a(w) = w**3 - 3*w**2 + w + 3. What is a(f)?
6
Suppose -4*v + 2*t + 16 = t, 2*v + 2*t - 8 = 0. Let k(b) = b - 3. Determine k(v).
1
Let r be 72/2*1/2. Suppose 0*b = 2*p + 2*b - r, -5*p + 4*b = -9. Suppose -s - 4*w + w - 8 = 0, -4*s - 4 = p*w. Let g(k) = k**3 - 4*k**2 + 4*k - 6. What is g(s)?
10
Let f(n) be the first derivative of n - 1. Let i(q) = -q**2 - 2*q + 8. Let g(j) = 5*f(j) - i(j). Suppose 3*k + k + 24 = 4*u, k - 6 = -5*u. Give g(k).
5
Let r be ((-4)/(-6))/((-9)/81). Let n(y) = -y**3 - 6*y**2 + 2*y + 9. What is n(r)?
-3
Let q(y) = 13*y + 2 + 0*y - 4*y. Give q(-2).
-16
Let n(v) = -5 + 3 + 2*v - 6*v**3 + 4. Let h(u) = 7*u**3 - 2*u - 3. Let c(k) = -5*h(k) - 6*n(k). Give c(2).
7
Let h(g) be the first derivative of g**2 + g - 1. Suppose 8*m = 4*m + 12. What is h(m)?
7
Suppose 4*b - 6 = -2*p, -4*b + 5*p - 4 = -3. Let d(r) = 2 + 5*r**2 - 9 + r - 5*r. Let k(j) = 11*j**2 - 9*j - 15. Let w(z) = -13*d(z) + 6*k(z). Determine w(b).
0
Let y(s) be the first derivative of -5/3*s**3 + 0*s + 1/2*s**2 - 3. Calculate y(-1).
-6
Let f(j) be the first derivative of j**3/3 - 3*j**2/2 + 5*j + 4. Give f(4).
9
Let i(u) = -40*u**3 + 41*u**3 - 1 - 6*u**2 + 3*u**2. Let l be (3/(-2))/((-1)/2). Calculate i(l).
-1
Suppose v = 6*v - 475. Let f(a) = -95*a + v*a - 7*a**2 + 1. Let j = 3 + -2. Determine f(j).
-6
Let h(m) = -m**2 + m + 2. Let j(i) = 2*i + 1. Let b(u) = -u + 1. Let x(l) = 5*b(l) + j(l). Let c be x(4). Let f be ((-2)/4)/(1/c). What is h(f)?
-4
Let t(v) = v**2 - 1. Suppose 0 = 4*a - 0*a + 40. Let c be (6/(-12))/(1/a). Let w = c - 3. Calculate t(w).
3
Let s(q) = -q**2 - 5*q. Let t(j) = -j**2. Let i(n) = -s(n) + 2*t(n). Give i(5).
0
Let j(q) = 19*q**3 + q**2 - 3*q + 2. Let x(w) = -18*w**3 - w**2 + 2*w - 1. Let h(s) = 2*j(s) + 3*x(s). Give h(1).
-16
Let t(j) = -j**3 - 3*j**2 + 4. Let r be 2/(-4) + (-14)/(-4). Let a be 4/(-4)*1*r. What is t(a)?
4
Let p(k) be the second derivative of k**4/12 + 7*k**3/6 + 3*k**2 + 8*k. Determine p(-7).
6
Let k(w) = w**2 + 8*w + 4. Let r(z) = -z + 1. Let t be r(7). What is k(t)?
-8
Let p(r) = -r**3 + 6*r**2 + 5*r + 8. Suppose -27 = -7*d + 2*d + 4*x, -5*d - 3*x = -41. Determine p(d).
-6
Let y(j) = -2*j - 2*j + 3*j - 1 - 1. Calculate y(-7).
5
Let i(x) be the first derivative of -x**2 + 2*x - 3. Let r = 7 + -5. Suppose -r*a - 3*d - 14 = 0, -11 = 2*a + 5*d + 7. Determine i(a).
10
Suppose 0 = -5*n + 2*n + 6. Let q(k) = -7*k + 7*k + 6*k - 8 + k**n. Give q(-6).
-8
Let r(a) = a**2 - a + 2. Let y(x) be the second derivative of x**4/12 + x**3/6 - x**2/2 - 6*x. Let o = 0 + -1. Let m(v) = o*r(v) + 2*y(v). Calculate m(-3).
-4
Let j(h) = 4*h - 1. Let a be j(-2). Let c be 92/a + (-6)/(-27). Let z be 10*(16/c + 2). Let g(d) = d. Give g(z).
4
Let m(y) = 7*y**3 - y**2 + y + 1. Let u be m(-1). Let b(q) = -q - 10. What is b(u)?
-2
Let q(m) be the third derivative of -m**4/24 - m**3/2 - 10*m**2. What is q(-4)?
1
Suppose 3*o - 24 = -5*q, o - q + 6*q - 18 = 0. Let f(k) = -2*k. Give f(o).
-6
Let i(j) be the third derivative of 0*j + 0*j**3 + j**2 - 1/24*j**4 + 0. Suppose -3*a = 4*w + 11, -w + 0*w - 5 = 0. Give i(a).
-3
Let x(g) = -g + 1. Let o be (-1)/3*(-36)/4. Suppose -2*u + 23 = 2*u + o*r, 0 = u + 4*r - 22. What is x(u)?
-1
Suppose 0 = 6*j - 3*j - 3. Let c(o) = 0 + 1 + 6 + j - o. Give c(0).
8
Let n(c) = -c + 1. Let k = 4 - 5. Suppose -3*l - 4*u = 47, -3*l - 32 = -0*l + u. Let f be 3 + l + (2 - k). What is n(f)?
4
Let y(k) = k**2 + k - 6 + 2 + 0*k**2 + 10*k**3 - 9*k**3. Calculate y(-3).
-25
Let x(a) be the second derivative of a**3/6 + 3*a**2/2 + 20*a. Calculate x(-5).
-2
Let u be 35/5 + 0 + 0. Let s(k) = k**2 + u + 4*k + 2 - 3 - 3. Determine s(-4).
3
Let x(y) be the third derivative of -7/6*y**3 + y**2 + 0 - 1/120*y**6 - 1/10*y**5 + 0*y - 1/24*y**4. Give x(-6).
-1
Let q(o) = -6*o**2 - 8*o + 2. Let h = 2 + 4. Let f(r) = 1 + 5*r + 7*r**2 + 4*r - 2. Let b(p) = h*q(p) + 5*f(p). Give b(-5).
-3
Let s = -4 + 1. Let v(r) = 3*r**3 - 6*r**2 + 7*r + 3. Let q(b) = b**3 - b**2 + b + 1. Let i(t) = -4*q(t) + v(t). Calculate i(s).
-1
Let q(h) be the first derivative of h**4/4 + 2*h**3 + 3. What is q(-6)?
0
Let m(h) = -5*h**2 - 9*h - 6. Let y(f) = -14*f**2 - 26*f - 17. Let v(a) = -11*m(a) + 4*y(a). Give v(-5).
-2
Let w(u) be the second derivative of -u**4/12 + 5*u**3/6 - 3*u**2/2 - 13*u. Determine w(5).
-3
Let y(j) = -j**2 - 3*j + 1. Let a(l) = l + 1. Let z be a(-5). Determine y(z).
-3
Let w = 5 - 1. Let l(z) = 5 + z + 5 - w. What is l(-5)?
1
Let m = 28 - 24. Let n(a) be the third derivative of -a**4/24 - 2*a**2. Determine n(m).
-4
Let r(q) be the second derivative of q**5/120 + q**4/12 + q**3/2 - 7*q. Let a(o) be the second derivative of r(o). Calculate a(-4).
-2
Suppose -5*m = 2*a + 9, -4*m - 29 = -4*a - 5. Let z(g) = -g + 3. Give z(a).
0
Let m be (1/(-2))/(1/(-18)). Let n = 3 - m. Let k(h) = -h**2 - 4*h + 8. What is k(n)?
-4
Suppose 8*l + 3 = 9*l. Suppose -d + 1 = x, 0 = 2*x + d - l - 1. Let b(n) be the third derivative of -n**4/12 + n**3/3 + n**2. What is b(x)?
-4
Let x(c) = 3*c**2 + c - 1. Let k be 3*2*(-12 - -14). Let g = k + -14. What is x(g)?
9
Suppose 0*c + 16 = 4*c - 5*n, 4*c + 2*n = 16. Let x(z) = -2*z - 3*z - c + 4*z + 1. Give x(-3).
0
Let g(k) = k**2 - 4*k + 2. Let l(i) = -i**2 - 3*i + 21. Let c be l(-6). Give g(c).
-1
Let i = -19 - -28. Let r(u) = -i - u + 10 + 6. Determine r(0).
7
Let p(v) = v - 3. Let x be 9/5 + (-2)/(-10). Calculate p(x).
-1
Let n(t) = -2*t - 5. Let g(y) = 3*y + 6. Let k(x) = 6*g(x) + 7*n(x). Suppose 4*u = 8 - 4. What is k(u)?
5
Let v(w) = -w + 3. Let s be 448/35 + -5 - (-2)/10. What is v(s)?
-5
Suppose -3*a - w + 6 = -0*w, 5*a + 4*w = 17. Let b(z) = -5*z + 6. Let c(i) = -i + 1. Let x(l) = a*b(l) - 6*c(l). Determine x(3).
3
Let l = -39/4 - -10. Let w(p) be the first derivative of -2/3*p**3 - l*p**4 + p**2 - p + 1. Determine w(-3).
2
Let m(j) be the second derivative of -3*j**5/4 + 5*j**3/6 - 11*j**2/2 - 3*j. Let w(a) = 3*a**3 - a + 2. Let f(v) = -2*m(v) - 11*w(v). Give f(-1).
2
Let l = 16 + -8. Suppose a + 13 = -3*y + 1, a - l = y. Let i(o) = -o**3 + o**2 + 3*o + 1. Determine i(a).
-8
Let z be ((-2)/2)/(1/(-4)). Let q be -2 - 1 - (-3 + z). Let b = -3 - q. Let m(c) = c. Give m(b).
1
Let x(p) be the third derivative of 0*p + 1/24*p**4 + 0 - 4*p**2 - 1/6*p**3. Suppose 4*b + 5*u = -4, 3*b - 3*u + 3 = -2*u. Calculate x(b).
-2
Let x(s) = -s**2 - 6*s - 4. Let h(l) = -3*l - 2*l + 1 - 3 + 6. Let j be h(2). What is x(j)?
-4
Let b(n) = -2*n + 8*n - 3*n + 2. Calculate b(2).
8
Suppose -8 = -5*a + a. Let i(h) be the third derivative of -h**6/120 + h**5/60 + h**4/24 + h**3/3 + h**2. Calculate i(a).
0
Let v = -2 + -3. Let f = -5 - v. Let g(t) = 2*t**2 + 6*t - t**2 + 0*t**2 + f*t + 1. Determine g(-5).
-4
Let t = 16 - -1. Let f = 8 - t. Let w be (-26)/(-6) + (-6)/f. Let r(i) = -i**3 + 5*i**2 - 3. Calculate r(w).
-3
Let v(d) = d**3 - d + 6. Let c(j) = -j**2 + 6*j + 2. Let q be c(3). Suppose -2*l = b + q, -3*b = 2*l - l + 23. Let a be (-2)/(-7) + 2/b. Calculate v(a).
6
Let l(r) = r**2 + 7*r + 9. Let k(s) = 9*s + 2. Let b be k(-1). What is l(b)?
9
Let s(d) = -d**2 - 8*d - 5. Let q be s(-7). Suppose -z = q*z + 18. Let r(j) = -j**3 - 7*j**2 - 7*j - 1. Calculate r(z).
5
Let u(d) = -2*d + 14. Let f be u(6). Let i(p) = 2*p**2 + 5*p**2 - f*p**2 - 6*p**2 - 7 - 6*p. Calculate i(-6).
-7
Let w(n) be the second derivative of -n**3/6 - 9*n**2/2 + 14*n. What is w(-5)?
-4
Let a(u) = -27*u - 2*u**3 - 1 + 3*u**2 + u**3 + 32*u. What is a(4)?
3
Let u(p) be the second derivative of -5/12*p**4 + 0 + 3*p + 1/20*p**5 - 5/6*p**3 + 5/2*p**2. Calculate u(6).
11
Let d(j) be the third derivative of 0 - 1/2*j**3 - 4*j**2 + 1/120*j**6 - 1/30*j**5 + 0*j - 1/24*j**4. Calculate d(3).
3
Suppose 0 = 2*z - 5*i + i + 10, 2 = 2*z + 2*i. Let t(